r = -189. Calculate the greatest common divisor of 18 and r.
9
Let l(w) = -8*w - 1. Let t be -7*(2/(-2))/1. Let r be l(t). Let o = r + 97. What is the highest common divisor of o and 5?
5
Let t(n) be the first derivative of -n**3/3 + 7*n**2/2 - 3*n + 3. Let f be t(4). Calculate the highest common divisor of 45 and f.
9
Let b(r) = -27*r**3 - 2*r**2 - r. Let k be b(-1). What is the greatest common factor of k and 182?
26
Let n = 7 + -37. Let f = -15 - n. Suppose -i = 5*y - f, 2*i - 5*i + 45 = -4*y. Calculate the highest common factor of 15 and i.
15
Let s be 17 - (-2)/(-1 + -1). Suppose -1600 + 4416 = 16*v. What is the greatest common divisor of s and v?
16
Suppose -9*m + 64 = -7*m. What is the highest common factor of m and 64?
32
Let v = 36 + -16. Calculate the greatest common divisor of v and 80.
20
Suppose 3*o - 1 = 59. Let h be (-10)/25*10/(-2). Let k be h*(0 + 3 + 1). Calculate the highest common divisor of o and k.
4
Suppose -p - 27 = -4*p. Let s(t) = t**2 - 11*t + 37. Let m be s(4). Calculate the greatest common divisor of m and p.
9
Suppose 5 = -3*o + 4*o. Suppose 4*y + u - 450 = 0, 4*y = o*u + 454 - 16. Suppose -2*w + 4*w = y. Calculate the greatest common factor of 8 and w.
8
Let v = 207 + -132. What is the highest common divisor of v and 25?
25
Let t be (-7)/(-56) + 767/8. Calculate the greatest common factor of t and 12.
12
Suppose -256 - 152 = -4*j. What is the highest common factor of 6 and j?
6
Suppose -i = p - 5, 7 = -p + 3*i - 0. Suppose -4*o + n - p*n = -28, 3*n + 18 = 5*o. Calculate the highest common divisor of o and 24.
6
Suppose 0 = a + 5*z - 26 - 1, -4*a - 17 = -5*z. Let s = 8 + a. Suppose 2*m - 60 = -2*m. What is the greatest common factor of m and s?
5
Let u = 9 + -6. Let t be u/2*(-364)/(-21). What is the highest common factor of t and 39?
13
Let c be 33/(-22) + (-686)/(-4). Suppose -4*k = k - c. What is the greatest common divisor of k and 17?
17
Suppose -b + 28 = b. Let f = 22 - 20. What is the greatest common factor of b and f?
2
Let z = -5 - -15. Suppose 1 + 3 = -3*u - 2*f, -f - 5 = 0. What is the greatest common divisor of z and u?
2
Let d = -7 - -7. Suppose 5*o + 60 = l - d*l, 0 = 4*l - 3*o - 240. What is the greatest common divisor of l and 12?
12
Suppose 0 = 3*t + 2*n + 60, -t + 0*t - 31 = -3*n. Let p be t/(-1)*(-21)/(-6). What is the greatest common divisor of p and 11?
11
Suppose -53 = -5*u - f, -3*u - 7 + 22 = -5*f. Calculate the greatest common divisor of 2 and u.
2
Let q = -26 + 18. Let s be 185/20 + 2/q. Calculate the greatest common factor of 18 and s.
9
Let c = 3 - -1. Suppose 0 = -4*k + 3*k + c. Suppose v + y - 13 = 0, -y = -3*v + 3*y + k. Calculate the highest common factor of v and 4.
4
Suppose -4*t + 12 = -0*t. Suppose -t*j + j + 18 = -2*n, 3 = 3*n. Let g be j/(-4)*64/(-20). Calculate the greatest common divisor of 32 and g.
8
Let p(u) = -7*u + 29. Let m be p(0). Calculate the highest common factor of m and 29.
29
Suppose 4*l - 10 = -l, -14 = -u - 2*l. Let p be (-2 - -3)*-2 + 12. What is the highest common factor of u and p?
10
Let s(o) = o**2 + 11*o + 14. Let x be s(-10). Calculate the greatest common factor of 16 and x.
4
Let w = 45 - 7. Calculate the greatest common factor of 19 and w.
19
Let c(f) = -f**2 + 6*f - 6. Let p be c(4). Suppose -4*g + 0*u + 46 = -p*u, 5*u = 25. Calculate the highest common factor of 7 and g.
7
Let a be ((-4)/(-5))/(5/(-25)). Let o = a + 13. Calculate the greatest common factor of o and 81.
9
Suppose 5*k - 3*v - 335 + 60 = 0, 4*v + 38 = k. What is the greatest common divisor of 29 and k?
29
Suppose 9*u = 4*u. Let y be 10/3*12/10. Let i = y - u. Calculate the highest common divisor of 1 and i.
1
Let j(b) = -95*b**3 + 2*b**2 + b. Let y be j(-1). What is the highest common factor of 24 and y?
24
Let h be 1/(1/3) - -3. What is the greatest common divisor of 6 and h?
6
Let l = 2 + 4. Let a be (-22)/(-4) + (-3)/l. Suppose -g - 86 = -a*x - 0, -3*g = 3*x - 66. What is the highest common divisor of 18 and x?
18
Let t(k) = k**3 - 5*k**2 + 11*k - 17. Let d be t(5). What is the highest common divisor of d and 38?
38
Let m be ((-10)/(-15))/(2/150). What is the greatest common factor of 10 and m?
10
Suppose 8*m - 86 = -14. Let o(k) = -k**3 + 3*k**2 + 2*k + 3. Let r be o(3). What is the highest common factor of m and r?
9
Suppose 0 = -4*i + 121 - 37. Suppose 5*d = -3*u + 194, 311 = 5*u + 2*d - 6*d. What is the highest common factor of u and i?
21
Let c(m) = 5*m - 4. Let q be c(8). What is the highest common factor of 12 and q?
12
Suppose 4*d + 2*k - 22 = 0, -4*d + 3*k + 21 = -16. Suppose d = -5*p + 32. What is the highest common divisor of p and 20?
5
Let s(p) = 120*p**2. Suppose 3*g = -9, f = -4*f + 4*g + 17. Let x be s(f). Calculate the greatest common factor of x and 15.
15
Let o(j) = j**2 - 8*j - 14. Let y be o(10). Let q be 2/y + (-142)/(-6). Calculate the highest common divisor of q and 60.
12
Let y be (2 - -4)/(-1) + 1. Let l(i) = -2*i - 1. Let u be l(y). Suppose a = -4*z - 3, a - 3*a = -5*z - 33. Calculate the highest common factor of a and u.
9
Let p(q) = -q - 8. Let v be p(-8). Suppose v = -5*j + 1 + 4. Let b be ((-7)/3)/(4/(-12)). Calculate the greatest common factor of b and j.
1
Let l(u) = 31*u - 11. Let q be l(5). What is the greatest common divisor of 96 and q?
48
Suppose 3*z = 3*y - 45, -6*z + z = 4*y - 60. Let b(n) = 9*n**2 - 3*n + 3. Let l be b(3). Calculate the greatest common factor of y and l.
15
Let i = 30 - 18. Let j be 8/i + 30/9. Calculate the greatest common divisor of j and 12.
4
Let z = -4 - -4. Suppose -2*b = 3 - 11, z = 2*k - 3*b - 40. Suppose 2*o - 30 = 5*r, 0*r = 2*o - 3*r - k. What is the highest common factor of o and 5?
5
Let u = 78 + -51. What is the highest common divisor of u and 3?
3
Let i = -5 - -7. Let h(r) = 3*r + 14. Let t be h(-6). Let b be (i - 5)*t/6. What is the greatest common divisor of 4 and b?
2
Suppose 5*p - 8 = 2*q - 3*q, 2*q + 2*p - 8 = 0. Suppose 4*m = -q*f - 4 + 16, -3*m = 0. Let t be 4/8*80/4. Calculate the greatest common divisor of t and f.
2
Suppose 0 = -3*l + 3, -j - 4*j + 2*l + 943 = 0. What is the greatest common factor of j and 21?
21
Let j = -50 - -107. Calculate the highest common factor of 38 and j.
19
Suppose -4*y + 39 = -73. What is the greatest common divisor of 7 and y?
7
Let c = -5 + 18. Let r = c + 2. Suppose 2*f = -3 + 9. Calculate the greatest common factor of r and f.
3
Suppose 12 = -4*k, 4*v - 2*k - 6 = -0*k. Suppose 0 = -4*g + s - 839, 5*g + s + 0*s + 1060 = v. Let o = g - -316. What is the highest common divisor of 15 and o?
15
Let y be (-20)/170 + 1311/17. What is the highest common factor of y and 7?
7
Suppose c + 3 = 0, c + 99 = 2*a + 2*a. Calculate the greatest common divisor of 16 and a.
8
Suppose -3*z + 9 + 21 = 0. Let r be (36/z)/((-3)/(-15)). Let d(n) = -2*n**3 - 3*n**2 + n + 3. Let a be d(-3). Calculate the greatest common divisor of r and a.
9
Let q(i) = -i**3 + 9*i**2 + i - 5. Let m be q(9). Suppose m*l = 45 + 67. What is the highest common factor of l and 4?
4
Let b be (-20)/(-3) + (-4)/6. What is the greatest common divisor of b and 6?
6
Suppose -3*i - 1 = -4*i. Suppose 3*u = -1 + 4. Let o be (9 + -1)/u + 0. Calculate the greatest common divisor of i and o.
1
Suppose 103 = 4*s - 117. Let k(m) = m**3 - 8*m**2 + 11. Let w be k(8). What is the highest common factor of w and s?
11
Suppose -80 = -5*l - 20. What is the greatest common divisor of l and 36?
12
Let g(l) = 2*l - 3. Let s = 47 - 32. Let a be ((-54)/s)/(-3)*5. Let h be g(a). Calculate the highest common factor of h and 36.
9
Let g = -56 - -35. Let s = 3 - g. Let j be 4 - 2/(3 - 1). Calculate the greatest common divisor of j and s.
3
Suppose 3*h = 49 + 26. Calculate the greatest common factor of h and 10.
5
Suppose 5*t = 4*s + 3, -3*t = 2*s + 3*s + 13. Let l be (s - 7/2)*-2. Let w = 13 + -12. Calculate the greatest common factor of l and w.
1
Let x = -61 - -221. Calculate the greatest common factor of 20 and x.
20
Suppose -27*p - 12 = -31*p. Calculate the greatest common factor of p and 21.
3
Let o(w) = w**3 - 3*w**2 + w + 3. Let q be o(3). Calculate the highest common factor of q and 2.
2
Let p(v) = 6*v - 2. Let t be p(5). Let s(k) = -4*k**3 - 4*k - 4. Let r be s(-1). What is the highest common factor of t and r?
4
Let c be (4/6)/(38/